r when 8482947 is divided by 40.
27
Calculate the remainder when 508648 is divided by 2988.
688
Calculate the remainder when 329644 is divided by 1801.
61
What is the remainder when 24704036 is divided by 9?
8
Calculate the remainder when 87424 is divided by 16998.
2434
Calculate the remainder when 90406969 is divided by 102.
85
What is the remainder when 201403 is divided by 67035?
298
What is the remainder when 376855687 is divided by 7?
5
Calculate the remainder when 11601113 is divided by 62038.
7
What is the remainder when 424164 is divided by 4037?
279
What is the remainder when 81681 is divided by 14850?
7431
Calculate the remainder when 25472177 is divided by 207.
206
Calculate the remainder when 192742 is divided by 5666.
98
What is the remainder when 2235882 is divided by 130?
12
What is the remainder when 4806639 is divided by 7?
5
Calculate the remainder when 86748 is divided by 2106.
402
Calculate the remainder when 50995876 is divided by 50541.
7
What is the remainder when 566364 is divided by 1293?
30
What is the remainder when 766698 is divided by 6850?
6348
What is the remainder when 460196 is divided by 10?
6
Calculate the remainder when 645598 is divided by 1611.
1198
Calculate the remainder when 308541 is divided by 23.
19
Calculate the remainder when 6101 is divided by 1990.
131
What is the remainder when 4749289 is divided by 89?
71
What is the remainder when 1815422 is divided by 293?
287
Calculate the remainder when 886720 is divided by 3758.
3590
What is the remainder when 95806 is divided by 4354?
18
Calculate the remainder when 597225 is divided by 597209.
16
What is the remainder when 140303 is divided by 899?
59
Calculate the remainder when 3123208 is divided by 943.
935
Calculate the remainder when 16884151 is divided by 138394.
83
What is the remainder when 154627082 is divided by 282?
278
Calculate the remainder when 278327 is divided by 272119.
6208
Calculate the remainder when 533312 is divided by 5859.
143
Calculate the remainder when 242352 is divided by 5385.
27
What is the remainder when 7118556 is divided by 209369?
10
Calculate the remainder when 12713303 is divided by 402.
53
What is the remainder when 14170704 is divided by 4723563?
15
Calculate the remainder when 566694 is divided by 19.
0
What is the remainder when 97168872 is divided by 124?
116
What is the remainder when 158351325 is divided by 16?
13
Calculate the remainder when 553348 is divided by 272764.
7820
Calculate the remainder when 20640616 is divided by 770.
766
Calculate the remainder when 6805 is divided by 181.
108
Calculate the remainder when 662623 is divided by 66258.
43
What is the remainder when 31273 is divided by 9894?
1591
What is the remainder when 4032605 is divided by 1344200?
5
Calculate the remainder when 31929463 is divided by 511.
139
Calculate the remainder when 1631994 is divided by 1902.
78
What is the remainder when 5711408 is divided by 279?
278
Calculate the remainder when 5236013 is divided by 9974.
9637
What is the remainder when 98272044 is divided by 6152?
6148
Calculate the remainder when 197399 is divided by 969.
692
What is the remainder when 60556 is divided by 185?
61
What is the remainder when 488968 is divided by 4847?
4268
What is the remainder when 3758006 is divided by 313167?
2
What is the remainder when 16747908 is divided by 22124?
40
What is the remainder when 134523 is divided by 5316?
1623
What is the remainder when 68360068 is divided by 515?
513
What is the remainder when 542455 is divided by 7330?
35
What is the remainder when 186508 is divided by 93027?
454
What is the remainder when 115624 is divided by 13905?
4384
What is the remainder when 28804 is divided by 2181?
451
What is the remainder when 2690499 is divided by 215?
204
Calculate the remainder when 16763 is divided by 189.
131
What is the remainder when 6071467 is divided by 159775?
17
What is the remainder when 12050551 is divided by 141?
127
Calculate the remainder when 21681200 is divided by 16180.
0
Calculate the remainder when 4627821 is divided by 8.
5
Calculate the remainder when 18960598 is divided by 87376.
6
What is the remainder when 4962296 is divided by 1390?
1386
Calculate the remainder when 1846135 is divided by 39278.
69
What is the remainder when 2638457 is divided by 146579?
35
Calculate the remainder when 27790106 is divided by 39.
32
What is the remainder when 29925 is divided by 9927?
144
Calculate the remainder when 455111025 is divided by 34.
13
Calculate the remainder when 7989 is divided by 2289.
1122
What is the remainder when 604375 is divided by 808?
799
What is the remainder when 781926 is divided by 366?
150
What is the remainder when 941644302 is divided by 2265?
2262
Calculate the remainder when 415019 is divided by 207500.
19
Calculate the remainder when 5314327 is divided by 915.
7
Calculate the remainder when 212306 is divided by 2789.
342
What is the remainder when 3721776 is divided by 1742?
864
Calculate the remainder when 48935799 is divided by 2581.
39
Calculate the remainder when 219294 is divided by 43843.
79
What is the remainder when 5759 is divided by 3914?
1845
Calculate the remainder when 14219051 is divided by 13081.
4
Calculate the remainder when 104839 is divided by 450.
439
What is the remainder when 2899905 is divided by 12?
9
Calculate the remainder when 1121048 is divided by 6480.
8
What is the remainder when 4130318 is divided by 45?
38
Calculate the remainder when 398869 is divided by 106.
97
What is the remainder when 3137554 is divided by 35?
14
Calculate the remainder when 2776249 is divided by 363.
25
Calculate the remainder when 302277 is divided by 311.
296
What is the remainder when 9636521 is divided by 2251?
2241
What is the remainder when 100087 is divided by 4544?
119
What is the remainder when 37148 is divided by 80?
28
What is the remainder when 1665583 is divided by 12?
7
What is the remainder when 26173794 is divided by 961?
959
What is the remainder when 3074436 is divided by 4430?
16
Calculate the remainder when 9600164 is divided by 9143.
14
What is the remainder when 1314604 is divided by 1208?
300
Calculate the remainder when 9514643 is divided by 587.
547
Calculate the remainder when 439267 is divided by 219627.
13
What is the remainder when 131559063 is divided by 43853014?
21
What is the remainder when 2554784 is divided by 45?
44
Calculate the remainder when 25895 is divided by 8070.
1685
Calculate the remainder when 13271300 is divided by 2804.
2772
What is the remainder when 2240846 is divided by 30?
26
What is the remainder when 6966927 is divided by 36668?
7
Calculate the remainder when 31017 is divided by 3323.
1110
Calculate the remainder when 25258389 is divided by 142.
139
What is the remainder when 195170 is divided by 97471?
228
What is the remainder when 21528 is divided by 4016?
1448
Calculate the remainder when 22440622 is divided by 136833.
10
Calculate the remainder when 77251 is divided by 77161.
90
What is the remainder when 23938285 is divided by 8?
5
Calculate the remainder when 97767 is divided by 12207.
111
Calculate the remainder when 287742 is divided by 219.
195
What is the remainder when 26766016 is divided by 40?
16
Calculate the remainder when 11743523 is divided by 32174.
13
What is the remainder when 3491384 is divided by 3560?
2584
Calculate the remainder when 17904722 is divided by 133617.
44
What is the remainder when 432663 is divided by 187?
132
What is the remainder when 782776 is divided by 2720?
2136
Calculate the remainder when 509848415 is divided by 33.
32
Calculate the remainder when 91642247 is divided by 12.
11
Calculate the remainder when 1348960 is divided by 2302.
2290
Calculate the remainder when 117162327 is divided by 58581158.
11
Calculate the remainder when 15823 is divided by 1118.
171
Calculate the remainder when 1858388 is divided by 390.
38
Calculate the remainder when 132480 is divided by 42397.
5289
What is the remainder when 422284 is divided by 8614?
198
Calculate the remainder when 69298736 is divided by 506.
12
What is the remainder when 13495805 is divided by 257?
221
Calculate the remainder when 44831907 is divided by 2513.
2500
What is the remainder when 101107 is divided by 156?
19
Wh